e -80 + 79 - (-5 + 17 + 1 + -3).
-11
Evaluate -4 - (3 + 2 + (3 + -12 - 3)).
3
What is the value of -6 - (-5 + (-5 - -10) + -7)?
1
-1 + 20 - (100 + -96)
15
Evaluate (-7 - (2 - -1)) + 23.
13
-2 + 8 + 6 + -13 + 5
4
(1 - (0 - -4)) + 21 + -25 + 11
4
Calculate 2 - -4 - (-1 - (-6 + 7 - 0)).
8
What is 0 + 3 + 4 + 6 + -21?
-8
Calculate 8 - -54 - 43 - (-5 - (1 + 1)).
26
What is (1 - -2) + -1 - (-3 + 0 + 1)?
4
Evaluate 10 + 15 + -9 + -15 + -16.
-15
Evaluate -13 - (-8 + (-10 + 11 - 2)).
-4
Calculate 480 + -479 - (1 - (-13 + 0) - 2).
-11
-5 + 0 + -2 + -230 + 253
16
Calculate -11 + 13 + -5 + -1 - -1 - -10.
7
What is the value of -8 - 7 - (7 + -7) - 4?
-19
What is the value of -9 + (11 + 16 - (-6 - -15 - 3))?
12
(-2 - 6) + (-114 - -130)
8
Evaluate 15 + (12 + 10 - 39).
-2
What is -36 - -18 - (-2 - 5) - -19?
8
Calculate -7 - (-40 - -15) - 10.
8
What is (-35 - -11) + 21 - (-7 + 2 + -1)?
3
Calculate (5 - (24 - 17)) + 6.
4
What is the value of -5 - (4 + 27 + -3)?
-33
-1 - ((2 - 12) + (-13 + 6 - -6))
10
What is the value of (2 - 0 - (3 - 0)) + (-41 - -43)?
1
(-36 - -55) + -25 + -1 + -1
-8
What is 0 + -3 + 9 - (67 + -55)?
-6
-21 + 6 + 6 + 6 - (0 - -18)
-21
What is -886 + 887 - (0 + 12 + 0)?
-11
Evaluate (-2 + 0 - (20 - 25)) + 0.
3
-1 + -4 + 0 + (2 - 9)
-12
What is the value of 12 - (6 - 15 - -8)?
13
Calculate (-3 + 8 - 3) + 1.
3
Calculate -14 + 19 + -5 + -10.
-10
Evaluate 33 + 3 + (-399 - -387).
24
What is the value of 3076 - 3078 - (0 + (1 - 15))?
12
Calculate 0 + 2 + -36 + (-21 - 52) + 72.
-35
What is the value of (7 + -3 - -3 - (-12 - -14)) + -9?
-4
Calculate 4 + (3 + (-5 - -7) - 1) + -15.
-7
What is the value of 4 - (-5 + (25 - (-4 + 9)))?
-11
What is -23 - -10 - (-34 + 24)?
-3
Calculate 12 + -21 + -27 + 34.
-2
Evaluate 2 - 7 - -15 - (-20 + -4 + 8).
26
What is (2 + 0 + -8 - (-129 + 125)) + 19?
17
Evaluate 1 + 0 + 1 + (-13 + 19 - -8).
16
Evaluate ((2 - 5) + 3 - 3) + (-1 - 0).
-4
What is the value of 11 + -12 + -2 + 0 + -18?
-21
1 - -3 - (-2 - -4 - -16)
-14
Evaluate 7 - 3 - 17 - (-66 - -31).
22
Evaluate -10 + -8 + 3 + 8 + 11.
4
What is (-11 - (12 - 9)) + -2 + -4?
-20
Evaluate (26 - 36) + 3 + 4.
-3
What is the value of 7 - (-8 + (6 - 0) + 12 + -8)?
5
What is the value of (0 - (-4 - -1)) + -4 + 5 - 5?
-1
3 + -8 - -4 - 9
-10
Calculate (-20 - 4) + (11 - (9 - 8)).
-14
-15 - (11 + 3 + -12 + 5)
-22
What is 6 + (-5 - -9) + -11 + (11 - 1)?
9
Calculate (-24 - -5 - -21) + 12 + -2.
12
-76 + 40 - (-32 + -3)
-1
19 - (8 + 8) - -5
8
What is the value of 15 + (1 - (-4 - -3)) + (7 - 13)?
11
What is the value of -24 - (-16 - -6) - -5?
-9
(20 - 2) + (-10 - -16 - 17) + 2
9
-20 + 13 + -10 + -16 + 11
-22
What is the value of 7 - (1 - (8 - -5 - 4))?
15
What is (-48 + -2 - -45) + (-14 - -1)?
-18
Calculate -19 + 49 - 31 - (-5 - 15).
19
What is the value of (4 + -6 - -10) + (-32 - -6)?
-18
(-1 - (6 - 3)) + 0 + -21 + 30
5
Calculate 19 + -24 + -8 + 5.
-8
What is -8 + (1 - (3 + -7)) + -50 + 66?
13
What is the value of 4 + (3 - 10) + -9 + 31 + -20?
-1
What is 1 + 1 + -2 + 1 + (-3553 - -3552)?
0
Calculate -8 - ((-5 - (6 + 1)) + 14).
-10
(22 - 10) + (17 - 32) - -14
11
Evaluate 4 + -3 + 11 - (2 - 10).
20
7 + -20 + 1 - (-13 + 7)
-6
What is -4 - -6 - (-17 - (-27 - 10))?
-18
13 - (-1 + (41 - -1) - 11)
-17
12 + -7 + 3 - ((4 - -5) + -11)
10
What is the value of 2 + (15 - 41) - -7?
-17
What is the value of (-67 - -54) + (7 + -5 - -1)?
-10
What is 1 + 15 - (227 - 194)?
-17
What is the value of (23 - 4) + -24 - (2 + -1) - 4?
-10
What is 26 + -5 + (-148 - -132)?
5
(-17 + 12 - (-1 + 1) - -3) + 3
1
Calculate 0 + 1 + (2 - 0 - (241 + -231)).
-7
What is the value of 36 + 3 + (3 - (12 + -2) - -7)?
39
What is (-2 - (-12 + 29)) + 30?
11
What is (-26 + 8 - -3) + 15?
0
What is the value of 5 + 7 + -10 + 1 + -1?
2
Evaluate 6 + (5 - 6) + -23.
-18
What is -7 - -6 - (1 + -3 - 4) - -3?
8
Evaluate (-42 - -44) + 5 + -3 + 2.
6
What is the value of -4 + -3 + -1 - (-16 - 2)?
10
(8 - (7 - -2)) + -3 - (-22 + 0)
18
1 + (4 + -1 - 13) + 6
-3
What is the value of 10 + (-11 - -21) - 17?
3
What is the value of (-8 - 22 - -1) + 5 + 1 + 8?
-15
Calculate -2 - (1 - (8 + -10) - 6).
1
Calculate 7 - 10 - (-2 - 9) - 6 - 6.
-4
What is the value of -4 - (13 - (9 - -2) - -2)?
-8
15 + (-6 + -7 + 16 - 44)
-26
Evaluate (-3 - -1) + 12 + 2.
12
Evaluate 1 + 0 + -6 - (29 + -64 + 32).
-2
Calculate 49 + (-12 - ((-3 - -4) + -5)) - 10.
31
(5 - ((6 - 5) + 1)) + (1 - -2)
6
64 + -59 + (-2 + 0 - (-5 - 6))
14
-10 - (18 + (-3 - 14))
-11
Calculate (15 - 31) + 11 - (2 + -2 - 15).
10
Calculate 13 - (3 + -6) - 3.
13
13 + -15 - (-13 + 23)
-12
What is -14 - (8 + -14) - -16?
8
Calculate (9 - (1 - 2)) + 6 + (20 - 16).
20
Calculate 7 - (20 + 3 + (26 - 5) + -27).
-10
What is -5 + 2 - ((-1 - -4) + 4 + -14)?
4
What is the value of (6 - (19 + (1 - 6))) + -11 + 3?
-16
What is the value of -18 + 14 - -15 - (-1 - 0)?
12
What is 84 + -81 - (-2 + -8 - 0)?
13
What is 6 + (0 + 7 - (-1 - (-9 + 10)))?
15
Calculate -7 + 7 + (-7 + -7 - -5).
-9
What is the value of (30 - (38 - 16)) + 2?
10
Evaluate 28 - 29 - (-8 + 3) - 16.
-12
Evaluate -84 + 23 + 37 + -8.
-32
What is the value of -6 - (6 - -2 - (33 - 22))?
-3
-2 - 0 - -2 - (10 + -5 + -10)
5
11 + 29 + -9 + -12 + 11 + -2
28
Calculate (-15 - -1) + 38 - (-9 + 21).
12
(-36 - -43) + -2 + -1 - 7
-3
What is -36 - (-77 - (39 + -48))?
32
5 + 6 + -4 - (-51 - -57)
1
-52 + 57 - (31 + 0 + 0)
-26
What is the value of -1 + -11 + 2 + (0 - 8)?
-18
Evaluate -4 - (22 - (-3 - -10)) - -10.
-9
What is the value of -7 + 6 + -5 + 17?
11
What is the value of -23 - -15 - (-7 - 3 - -27)?
-25
2 - (32 + -10) - (-11 - -3)
-12
What is the value of 30 - 5 - (-18 - -40)?
3
What is -2 - (50 + (16 - 38))?
-30
What is the value of 4 + (-26 - -6 - -12)?
-4
-5 + (-7 - (-9 + -1 + -46 + 55))
-11
What is the value of (13 - -20) + -52 - 7?
-26
Evaluate 7 + (11 + -10 - 5).
3
What is the value of (1 - 18) + (5 - (10 - (9 - 4)))?
-17
-4 + -1 + 2 + -2 + -274 + 287
8
What is the value of -6 + -20 + 5 - ((-4 - -2) + -6)?
-13
Calculate (-126 - -109) + 14 + -3.
-6
What is the value of 14 - (4 - 7 - (-9 + (9 - 10)))?
7
Calculate 1 - 2 - ((-7 - -10) + -9 - -3).
2
Evaluate (24 - 14) + -6 + (3 - (3 - -15)).
-11
Calculate -1 - -1 - (2153 + -2125).
-28
What is the value of 4 - (-7 + ((0 - 0) + 8 - 14))?
17
Evaluate 1 - (0 - 3) - (-18 - -39) - -11.
-6
(0 + 0 - -2) + 5 + -23 + 17
1
What is the value of (61 + -36 - -22) + -44?
3
Calculate (-26 - -29) + (3 - 7 - -11).
10
What is the value of -3 - (3 + 18) - (0 + -1 + -3)?
-20
What is 0 + (0 + -14 - -9)?
-5
What is (-19 - -55) + -19 + -4?
13
What is the value of -2 + -1 + (10 - (-5 + 3)) - -2?
11
Evaluate -1 - 3 - (6 - (-3 + 4)).
-9
What is 17 + (7 - (13 - 6))?
17
Evaluate (-25 - -40 - 22) + (-1 - 1) + -4.
-13
What is the value of 78 + -88 - (-1 - -16)?
-25
What is the value of (10 - 3) + -5 + (-32 + 11 - -51)?
32
What is the value of 16 - ((-5 - 0) + 18)?
3
What is the value of -1 + 1 + (42 - 43) + -1 + 14?
12
(7 - -6) + (5 - 0) - 6 - 2
10
Calculate -15 + 11 - -1 - -12.
9
What is (-32 - (35 - 28)) + 11?
-28
-57 + 47 + 30 + 3 + 2 + 0
25
What is the value of 5 + 5 + 3 + -7 + -8?
-2
Calculate (-3 - (6 + 3)) + -5.
-17
What is the value of (13 - 26 - (-3 + 2)) + (-5 - -2)?
-15
Calculate -10 + 21 + -7 + 12.
16
2 - -19 - ((-14 - -1) + (0 - -12))
22
Evaluate -4 - ((-36 - -13) + (8 - (1 - -2))).
14
Calculate 772 + -816 - (0 + -34).
-10
Calculate 0 + 1 - (-7 - (20 - (17 - -3))).
8
(-52 - -40) + (4 - -1) + -1 + 7
-1
Calculate 202 - 184 - (0 + 5).
13
4 + 1 + (3 - (-10 - -6) - 14)
-2
What is -1 + -2 + -1 + (-129 - -137) - -12?
16
Evaluate (12 - 16) + (-3 - 3) + 4 - 3.
-9
What is the value of 29 + (-41 - (5 + 10))?
-27
What is the value of (184 - 159) + -2 + -35?
-12
Evaluate (-3 - -45) + -50 - (0 + -1 + -6).
-1
3 + (2 - 4) + 31 + 30 + -36
26
Evaluate 1 + 13 - (28 - 0).
-14
Evaluate -57 + 74 - (1 - -12).
4
(-84 - -27) + 19 - -37
-1
Evaluate 6 - (4 + 16 + -5 - 8).
-1
What is 15 + (-19 - 3 - -12) + (-1 - -5)?
9
Calculate 5 - (-4 - (1 + -3)) - (-32 - -34).
5
What is the value of (12 - -25) + -13 - 23?
1
What is (32 - 7) + -21 + 8?
12
What is the value of 37 - 1 - 17 - 19?
0
What is the value of -9 - ((11 - (10 - -1)) + -1)?
-8
What is the value of -2 + 15 - (-52 + 67)?
-2
What is the value of (-2 - 1) + -7 + (5 - 7 - -8)?
-4
What is the value of (5 - (-2 +